{"id":125,"date":"2018-11-02T10:41:38","date_gmt":"2018-11-02T10:41:38","guid":{"rendered":"http:\/\/listeo.wpengine.com\/?page_id=42"},"modified":"2024-11-19T15:06:35","modified_gmt":"2024-11-19T14:06:35","slug":"avis","status":"publish","type":"page","link":"https:\/\/edirex.ch\/annuaire\/avis\/","title":{"rendered":"Avis"},"content":{"rendered":"Vous devez \u00eatre connect\u00e9 pour g\u00e9rer vos \u00e9valuations.\n","protected":false},"excerpt":{"rendered":"","protected":false},"author":1,"featured_media":0,"parent":0,"menu_order":0,"comment_status":"closed","ping_status":"closed","template":"template-dashboard.php","meta":{"footnotes":""},"class_list":["post-125","page","type-page","status-publish","hentry"],"_links":{"self":[{"href":"https:\/\/edirex.ch\/annuaire\/wp-json\/wp\/v2\/pages\/125","targetHints":{"allow":["GET"]}}],"collection":[{"href":"https:\/\/edirex.ch\/annuaire\/wp-json\/wp\/v2\/pages"}],"about":[{"href":"https:\/\/edirex.ch\/annuaire\/wp-json\/wp\/v2\/types\/page"}],"author":[{"embeddable":true,"href":"https:\/\/edirex.ch\/annuaire\/wp-json\/wp\/v2\/users\/1"}],"replies":[{"embeddable":true,"href":"https:\/\/edirex.ch\/annuaire\/wp-json\/wp\/v2\/comments?post=125"}],"version-history":[{"count":1,"href":"https:\/\/edirex.ch\/annuaire\/wp-json\/wp\/v2\/pages\/125\/revisions"}],"predecessor-version":[{"id":357574,"href":"https:\/\/edirex.ch\/annuaire\/wp-json\/wp\/v2\/pages\/125\/revisions\/357574"}],"wp:attachment":[{"href":"https:\/\/edirex.ch\/annuaire\/wp-json\/wp\/v2\/media?parent=125"}],"curies":[{"name":"wp","href":"https:\/\/api.w.org\/{rel}","templated":true}]}}